t is the units digit of z?
9
Suppose 10*m - 7*m = 207. What is the tens digit of m?
6
Let w(o) = -11*o + 51. What is the hundreds digit of w(-6)?
1
What is the units digit of (-1)/(-6) + (-4151)/(-42)?
9
Let s(f) = 12*f**3 + f**2 - 2*f + 3. What is the tens digit of s(2)?
9
Suppose 10 = -v + 3*v - 4*y, -5*v + 12 = 3*y. What is the units digit of (13/(-2))/(v/(-6))?
3
Let f = -215 + 427. What is the tens digit of f?
1
Suppose 0 = -4*d + d. Let y(i) = i**2 + i + 8. What is the units digit of y(d)?
8
Let y(x) be the third derivative of -x**4/2 - x**3/6 + 2*x**2. What is the tens digit of y(-1)?
1
Let d = -2 - -2. Suppose d*u - u = -13. Let r = u + -7. What is the units digit of r?
6
Suppose -6 = -3*s - 0*s. Suppose -5*r = 2*z - s, -3*z - 18 = -5*r - z. Suppose 3*c - 36 = -3*t, -r*t = -3*t - 3*c + 6. What is the units digit of t?
5
Suppose 0 = h - 5 - 7. What is the units digit of h?
2
Suppose 1010 = 6*c - c. What is the tens digit of c?
0
Let w(l) = l + 10. Let m be w(-7). Suppose 0 = -m*i + 4*z + 104, 0*i - 3*z = 3*i - 90. What is the tens digit of i?
3
Let f(i) = 0*i**3 - i**2 - i**3 + 1 + 2*i**3 - i. What is the units digit of f(0)?
1
Suppose -2*m = m - 102. Let u = 47 - m. What is the units digit of u?
3
Let l = 23 - 9. What is the units digit of l?
4
What is the tens digit of (2/(-13) - (-143)/(-169))*-21?
2
Let k(x) = -x**3 - 7*x**2 + 11*x + 1. Let w be k(-9). Let c = -38 + w. What is the units digit of c?
6
Suppose 5 = n + 4*t - t, 5*n - 4*t = 6. Let o be (3/n)/((-8)/(-16)). Suppose -5*j + 22 = -o. What is the units digit of j?
5
What is the units digit of (-58)/(-3) + (-8)/24?
9
Suppose -3*o = -5*o. Suppose o = u + 2*u - 6. What is the units digit of u?
2
Let j = -12 - -7. Let f = j - -12. What is the units digit of f?
7
Let i(n) = 2*n**2 + 24*n - 17. What is the hundreds digit of i(-19)?
2
Suppose 5*w = b + 8, -b + 3*w = -0*w. Suppose -u + 2 = -b. What is the tens digit of u?
1
Let k = 34 + -22. Suppose 5*l = -k + 127. What is the tens digit of l?
2
Suppose 0 = -6*c - 137 + 1565. What is the hundreds digit of c?
2
Let f = -15 + 24. Let d(g) = 2*g - 14. What is the units digit of d(f)?
4
Let c = -83 - -127. What is the units digit of c?
4
Let w(z) = -z + 1. Let l be w(-1). Suppose 0 = -5*i - 2*s + 22, s = i + 3*s + l. What is the units digit of i?
6
What is the hundreds digit of (258/(-15) + 2)/((-5)/100)?
3
Let b(v) = -v**3 + 11*v**2 - 4*v - 1. What is the units digit of b(7)?
7
Suppose k + 3*k = 2*v - 108, -118 = -3*v - 5*k. Suppose -146 = -4*l - v. What is the tens digit of l?
2
Let v(m) = -6*m + 4. What is the units digit of v(-4)?
8
Suppose 5*s - 4*i = -2*i + 132, 3*s = -2*i + 76. Let f = s + -12. What is the tens digit of f?
1
Let o(w) = -w**2 - 4*w. Let s be o(-3). Let m = s - -7. What is the tens digit of m?
1
Let s(l) = -4*l - 3. Let a(b) = -5*b - 3. Let m(z) = -3*a(z) + 4*s(z). Let p be m(5). Let h(x) = x + 14. What is the units digit of h(p)?
6
Suppose 2*k = -0*k - 5*r + 75, 103 = 3*k - 2*r. What is the units digit of k?
5
Let w(a) = -a - 5. Let g be w(-7). Suppose 5*h = g*m + 83, 0*h = -2*h + 4*m + 46. What is the tens digit of h?
1
What is the units digit of -15*((-72)/10 + 2)?
8
Suppose 9*w = 3*h + 6*w - 9, 5*h - 2*w - 12 = 0. Suppose -3*r = h*r - 100. What is the tens digit of r?
2
Let g = 19 - 17. Suppose -4*q = g*b - 36, -5*b = 4*q + q - 70. What is the tens digit of b?
1
Let h(n) = -n + 23. Let m = 51 - 35. What is the units digit of h(m)?
7
Let s(a) = a**3 + 9*a**2 + 8*a - 4. Let g be s(-8). Let w = g + 30. What is the units digit of w?
6
Let i(d) = d**2 - 2*d - 2. What is the tens digit of i(7)?
3
Suppose -4 = h - 0, -4*h = r + 16. Suppose -5*s + r*s + 37 = u, 0 = s - 2*u - 14. What is the units digit of s?
8
Suppose 2432 = 19*z - 1843. What is the units digit of z?
5
Let i(n) = -100*n. Let r be i(2). What is the tens digit of r/(-6) + 4/6?
3
Suppose -3*j + 331 = -137. What is the hundreds digit of j?
1
Suppose -2*g + 72 = -4*n, n + 46 + 72 = 3*g. Suppose -5*c + 20 = -g. What is the units digit of c?
2
Suppose -j + 6 = 2. Let c = j - 4. What is the units digit of -1 - (c/(-1) + -2)?
1
Let w be ((-54)/21)/(6/(-28)). What is the units digit of w/8*2/3?
1
Suppose -6*k + 9*k = 42. What is the units digit of k?
4
Let n = 10 - 7. Suppose 0*t - 3 = -t. Suppose x + n + 3 = 5*q, 5*q = t*x + 8. What is the units digit of q?
1
Suppose 0 = d - 4*o - 64, 0 = 7*o - 2*o - 5. What is the tens digit of d?
6
Let h be (-6)/4*2 - -29. Suppose 3*z - 5*t = -38, 0 = 4*z - 2*z - 4*t + h. Let g = z + 25. What is the units digit of g?
4
Let s = 1 - 3. What is the units digit of (-3)/(-6) + s/(-4)?
1
Suppose -4*f + 165 = f. Let i = f + -13. What is the units digit of i?
0
What is the tens digit of (36/(-7))/(9/168*-1)?
9
Suppose -7*a = -0*a - 1253. What is the hundreds digit of a?
1
Suppose -z - o = -1, -z - 4*o + 7*o + 17 = 0. Suppose z*m - 5*w = 10, 2*m = 3*w - 2*w + 6. Suppose 0 = 2*l - m - 6. What is the units digit of l?
5
Suppose a = 6*a - 130. What is the units digit of (-9)/15 + a/10?
2
What is the units digit of -1*2*90/(-20)?
9
Let s be (-4 - -1)*12/(-9). Suppose 0 = 2*i - 18 - s. What is the units digit of i?
1
What is the units digit of (-5)/2*124/(-10)?
1
Suppose 3*p + 3*h - 42 = 0, 3*p - 50 = -0*p - 5*h. What is the units digit of p?
0
Let d = -2 - 1. Let a be 2/d*(-6)/(-4). Let k = a + 2. What is the units digit of k?
1
Suppose -5*a + 147 = 42. What is the units digit of a?
1
Suppose -s + 16 = -2*h - 0*s, -4 = s. Suppose -3*k - k + 64 = 0. Let j = k + h. What is the units digit of j?
6
Suppose -4*n = -2*n. Suppose n = 6*v - 5*v - 11. What is the units digit of v?
1
Suppose 7 - 1 = 3*b. Suppose 5*p = 1 + 14. Suppose 26 = p*n + b. What is the units digit of n?
8
Let j(b) = -46*b - 56. What is the hundreds digit of j(-5)?
1
Let x = -9 + 21. Let s = x + -6. Suppose -z + s = 2*z. What is the units digit of z?
2
Suppose 0 = -3*g - 221 + 5. What is the units digit of 2 + -3 + g/(-3)?
3
Let o = -15 - -37. What is the tens digit of o?
2
Let w = 5 + 1. Suppose -3*d - w*r + 6 = -11*r, 2*r - 34 = -4*d. Suppose -2*j - 20 = -d*j. What is the units digit of j?
4
Suppose -2*p + 5 = -3. Suppose 0 = -p*u + 117 - 5. What is the tens digit of u?
2
Let w(v) be the second derivative of v**3/2 - 7*v**2/2 + 6*v. Suppose 6*u - 4*u = 12. What is the units digit of w(u)?
1
What is the units digit of 2/(-6) - 112/(-3)?
7
Let v = 5 - 5. Let i = -9 + 24. Suppose 3*u = -v + i. What is the units digit of u?
5
What is the units digit of (-6)/(-5)*(-10)/(-4)?
3
Let w(k) = -6*k - 9*k - 1 - 2*k + 4*k. What is the units digit of w(-1)?
2
Let n(t) = 15*t + 9. Let j(i) = 7*i + 4. Let v(x) = 13*j(x) - 6*n(x). Let l be v(4). What is the units digit of (1 - 0 - -2) + l?
5
Let h(z) = 19*z + 3. What is the tens digit of h(2)?
4
Let k = 13 - 8. Suppose u + 3*g + 0*g - 19 = 0, -g = k*u - 109. What is the tens digit of u?
2
Let c(j) = -j**2 + 4*j + 4. Let x be c(4). Suppose -4*w + 64 = x*k, 50 = 5*w + k - 42. What is the tens digit of w?
1
Suppose -22 + 2 = -5*d. Suppose 0 = 3*n - d*n + 2. What is the units digit of n?
2
Let t(b) = -b**2 - 13*b + 6. What is the tens digit of t(-10)?
3
Let t(m) = 16*m + 34. What is the hundreds digit of t(6)?
1
Suppose 5*q + 4*o = 90, -1 = 2*q - 2*o - 19. Let w = -9 + q. What is the units digit of w?
5
Let f be (-2)/(-2) - (-1)/1. Let m be (2 - 1)*(-4)/(-2). Suppose 5*g = m*x + 33, -f*g - 2*x = x + 2. What is the units digit of g?
5
Let s(k) = 3*k**2 - 12*k + 7. What is the units digit of s(8)?
3
Let b(c) = -c + 11. Let m be b(8). Let g(y) = 2*y + 5 - y - m. What is the units digit of g(0)?
2
Let c(o) = o + 10. Let w(b) = b**2 - 10*b + 8. Let v be w(8). Let d be c(v). What is the units digit of (-1)/d + (-7)/(-2)?
3
Suppose m = -0*m + 5. Suppose -2*q + 6*q = 4, 4*n - m*q - 3 = 0. Suppose -3*r + 0*d = -3*d - 12, -n*r - d + 17 = 0. What is the units digit of r?
7
Let c = 566 - 283. What is the tens digit of c?
8
Let g = -12 + 42. Suppose 0 = 6*l - 4*l - g. What is the units digit of l?
5
Let t = 6 + 10. Suppose -v + 5*v + t = 4*r, -v - 5*r = -20. Suppose 0 = 2*z - 5*o - 43, -3*o - 6 = z - v. What is the units digit of z?
9
What is the units digit of (-9)/(180/(-656))*(-5)/(-2)?
2
Let k(n) = n**3 + 6*n**2 - 7*n - 10. What is the tens digit of